2?
2
What is the tens digit of 69769739?
3
What is the hundred thousands digit of 320393307?
3
What is the hundreds digit of 27099775?
7
What is the hundred millions digit of 469915653?
4
What is the billions digit of 1204303913?
1
What is the ten millions digit of 898560789?
9
What is the units digit of 1154388939?
9
What is the tens digit of 402821229?
2
What is the ten millions digit of 24687430?
2
What is the units digit of 50282543?
3
What is the hundred millions digit of 209652498?
2
What is the millions digit of 18947169?
8
What is the thousands digit of 5579761785?
1
What is the ten thousands digit of 1087477061?
7
What is the hundred thousands digit of 136410856?
4
What is the units digit of 766259084?
4
What is the ten thousands digit of 33847452?
4
What is the hundreds digit of 599287583?
5
What is the units digit of 35871685?
5
What is the millions digit of 1534282496?
4
What is the tens digit of 235835297?
9
What is the tens digit of 815472977?
7
What is the hundred thousands digit of 814102858?
1
What is the units digit of 186026056?
6
What is the tens digit of 36233403?
0
What is the hundred millions digit of 649719718?
6
What is the units digit of 383196056?
6
What is the hundreds digit of 851243441?
4
What is the ten millions digit of 604529872?
0
What is the hundred millions digit of 5279586232?
2
What is the units digit of 12066104?
4
What is the units digit of 6000049715?
5
What is the thousands digit of 208113843?
3
What is the hundred millions digit of 1024461443?
0
What is the hundreds digit of 630147825?
8
What is the tens digit of 30394287?
8
What is the tens digit of 146439688?
8
What is the hundred millions digit of 2530509063?
5
What is the millions digit of 452263570?
2
What is the units digit of 2900627996?
6
What is the thousands digit of 102078324?
8
What is the millions digit of 349749099?
9
What is the ten thousands digit of 770248367?
4
What is the thousands digit of 1123736866?
6
What is the millions digit of 64135603?
4
What is the ten thousands digit of 206878024?
7
What is the tens digit of 61353022?
2
What is the hundred millions digit of 762292565?
7
What is the ten millions digit of 61701720?
6
What is the ten thousands digit of 30106646?
0
What is the millions digit of 37802465?
7
What is the ten millions digit of 368055263?
6
What is the thousands digit of 3249732338?
2
What is the hundreds digit of 2362626854?
8
What is the units digit of 153561745?
5
What is the hundred millions digit of 104983659?
1
What is the units digit of 5840234262?
2
What is the thousands digit of 34727019?
7
What is the hundred millions digit of 121602666?
1
What is the millions digit of 564605427?
4
What is the thousands digit of 26654414?
4
What is the hundred thousands digit of 357988?
3
What is the ten millions digit of 9683695178?
8
What is the hundred thousands digit of 2693000452?
0
What is the units digit of 68282140?
0
What is the hundreds digit of 3177823?
8
What is the units digit of 98699090?
0
What is the thousands digit of 353850113?
0
What is the tens digit of 72627472?
7
What is the tens digit of 124956385?
8
What is the hundred millions digit of 1389152694?
3
What is the thousands digit of 670207464?
7
What is the millions digit of 48219060?
8
What is the ten millions digit of 219694559?
1
What is the ten thousands digit of 1654037645?
3
What is the millions digit of 78910848?
8
What is the hundreds digit of 35695765?
7
What is the thousands digit of 471933684?
3
What is the tens digit of 416739605?
0
What is the millions digit of 453579993?
3
What is the hundred thousands digit of 171673607?
6
What is the tens digit of 16128398?
9
What is the hundreds digit of 84974422?
4
What is the ten thousands digit of 690981188?
8
What is the millions digit of 628979212?
8
What is the hundred thousands digit of 279464592?
4
What is the units digit of 26539708?
8
What is the ten thousands digit of 231839668?
3
What is the units digit of 278364542?
2
What is the thousands digit of 199237865?
7
What is the millions digit of 24812306?
4
What is the ten thousands digit of 2079060950?
6
What is the units digit of 410276546?
6
What is the thousands digit of 6314987726?
7
What is the ten thousands digit of 8465572?
6
What is the tens digit of 6146201137?
3
What is the hundreds digit of 88455260?
2
What is the units digit of 63876529?
9
What is the units digit of 1579097873?
3
What is the units digit of 2507007363?
3
What is the ten millions digit of 1311217997?
1
What is the millions digit of 655811598?
5
What is the thousands digit of 39481031?
1
What is the ten millions digit of 70550538?
7
What is the hundreds digit of 1710656464?
4
What is the tens digit of 227251597?
9
What is the ten thousands digit of 392356038?
5
What is the hundreds digit of 27308389?
3
What is the hundred thousands digit of 2074224873?
2
What is the tens digit of 1351286022?
2
What is the thousands digit of 43214431?
4
What is the thousands digit of 279688783?
8
What is the millions digit of 51008667?
1
What is the units digit of 4662772445?
5
What is the ten millions digit of 1139715446?
3
What is the ten millions digit of 850345556?
5
What is the thousands digit of 65794124?
4
What is the hundred thousands digit of 1590462944?
4
What is the millions digit of 234210987?
4
What is the thousands digit of 177863457?
3
What is the units digit of 165899497?
7
What is the hundreds digit of 568211712?
7
What is the billions digit of 4299615992?
4
What is the hundreds digit of 3240455136?
1
What is the hundred millions digit of 103312116?
1
What is the billions digit of 4730417049?
4
What is the thousands digit of 298188213?
8
What is the hundred millions digit of 120737823?
1
What is the units digit of 203573997?
7
What is the ten millions digit of 1019897540?
1
What is the ten thousands digit of 9429151?
2
What is the units digit of 59637748?
8
What is the ten thousands digit of 1269636011?
3
What is the hundreds digit of 76985256?
2
What is the hundreds digit of 122023003?
0
What is the hundreds digit of 5301691614?
6
What is the hundred thousands digit of 67052633?
0
What is the millions digit of 222844250?
2
What is the hundreds digit of 183649587?
5
What is the ten millions digit of 37548387?
3
What is the ten thousands digit of 226829221?
2
What is the millions digit of 8662846?
8
What is the millions digit of 114133522?
4
What is the tens digit of 28373242?
4
What is the millions digit of 47320432?
7
What is the tens digit of 83543385?
8
What is the thousands digit of 171076332?
6
What is the hundreds digit of 30690274?
2
What is the hundred thousands digit of 39450903?
4
What is the hundred millions digit of 7376394107?
3
What is the ten millions digit of 381352458?
8
What is the hundred thousands digit of 4520688922?
6
What is the tens digit of 16899738?
3
What is the millions digit of 110637516?
0
What is the thousands digit of 102025099?
5
What is the units digit of 192185179?
9
What is the hundred thousands digit of 1687510350?
5
What is the ten thousands digit of 74641003?
4
What is the hundred thousands digit of 6955568?
9
What is the tens digit of 225399135?
3
What is the tens digit of 73661922?
2
What is the hundreds digit of 105439821?
8
What is the millions digit of 523810971?
3
What is the thousands digit of 755664034?
4
What is the thousands digit of 33481685?
1
What is the tens digit of 251395251?
5
What is the hundreds digit of 328864782?
7
What is the units digit of 87743432?
2
What is the ten thousands digit of 18616251?
1
What is the hundred thousands digit of 191145556?
1
What is the units digit of 9558872?
2
What is the ten millions digit of 138933454?
3
What is the hundreds digit of 66158245?
2
What is the tens digit of 381408779?
7
What is the ten millions digit of 329079639?
2
What is the hundred thousands digit of 2785736270?
7
What is the hundred thousands digit of 270125845?
1
What is the hundreds digit of 180911857?
8
What is the hundreds digit of 119911174?
1
What is the thousands digit of 6164050938?
0
What is the ten millions digit of 2084444573?
8
What is the units digit of 828200231?
1
What is the units digit of 618205456?
6
What is the ten millions digit of 5637319064?
3
What is the ten millions digit of 111107